{"id":293,"date":"2024-10-21T21:06:29","date_gmt":"2024-10-21T21:06:29","guid":{"rendered":"https:\/\/www.teekutsut.fi\/blog\/?page_id=293"},"modified":"2025-03-24T14:37:49","modified_gmt":"2025-03-24T14:37:49","slug":"pentonville-fl-mystinen-zombievirus","status":"publish","type":"page","link":"http:\/\/www.teekutsut.fi\/blog\/index.php\/pentonville-fl-mystinen-zombievirus\/","title":{"rendered":"Pentonville, FL &amp; mystinen zombievirus"},"content":{"rendered":"\n<p>\ud83d\udda4 14.9.2024 juhlittiin Keaa &amp; Johnia Hirsil\u00e4ss\u00e4 \ud83d\udda4<\/p>\n\n\n\n<p>\u00c4llistyneet, mutta ihastuttavan heitt\u00e4ytymistaitoiset vieraat ratkaisivat kiper\u00e4n tilanteen, kun saivat vihi\u00e4 oudosta viruksesta. Hetkisen p\u00e4hk\u00e4ilty\u00e4\u00e4n tilannetta he tajusivat olevansa sittenkin Pentonvillen pikkukaupungissa Floridassa, jossa mielikuvista huolimatta aurinko ei paistanut kirkkaalta taivaalta ja zombie-viruksen taltuttamiseksi olisi toimittava pian! Oliko taustalla sittenk\u00e4\u00e4n uutisoinnin mukainen rikollisjengi LCO, vai paljastuisiko taustalta jotain paljon kauhistuttavampaa? <\/p>\n\n\n\n<p>Erin\u00e4isiss\u00e4 pikkukaupungin rakennuksissa l\u00f6ytyi vihjeit\u00e4 ja teht\u00e4vi\u00e4 totuuden paljastuessa pala palalta. Sain kunniateht\u00e4v\u00e4kseni tuhota virusta sis\u00e4lt\u00e4neen pullon, kts. kuvituskuva juhlavieraan kamerasta. Ikuistin my\u00f6s pentonvillel\u00e4ist\u00e4 katolista kirkkorakennusta, jossa kuulin my\u00f6s papin mutinaa. Kiitos \u00e4\u00e4nimaailmasta <a href=\"https:\/\/www.instagram.com\/i.ainasoja?igsh=cWljMHB0aGFsaThk\">Ikaros Ainasoja<\/a>!<\/p>\n\n\n\n<blockquote class=\"wp-block-quote is-layout-flow wp-block-quote-is-layout-flow\">\n<p>Laura teki meid\u00e4n h\u00e4ihin mysteeripelin ja hitto ett\u00e4 oli mahtavaa! Teema oli meid\u00e4n kiinnostusten kohteiden perusteella suunniteltu, sai kaikki innostumaan ja Laura jakoi porukat ryhmiin, niin ett\u00e4 meid\u00e4n ei tarvinnut suunnitella mit\u00e4\u00e4n. Voin 10000% suositella h\u00e4ihin tai mihin tahansa juhliin.<\/p>\n<\/blockquote>\n\n\n\n<p>Valitettavasti vieraat &amp; min\u00e4 emme onnistuneet saamaan kiinni viruksen todellisia kehittelij\u00f6it\u00e4, kenties he karkasivat juuri teid\u00e4n juhliinne? T\u00e4m\u00e4n ja monta muuta hullutusta voi neuvotella omaan tapahtumaansa laittamalla s\u00e4hk\u00f6postia info@teekutsut.fi tai DM somessa. <\/p>\n\n\n\n<figure class=\"wp-block-gallery has-nested-images columns-default is-cropped wp-block-gallery-1 is-layout-flex wp-block-gallery-is-layout-flex\">\n<figure class=\"wp-block-image size-large\"><img loading=\"lazy\" decoding=\"async\" width=\"1024\" height=\"1024\" data-id=\"295\" src=\"https:\/\/www.teekutsut.fi\/blog\/wp-content\/uploads\/2024\/10\/1000014881-1024x1024.webp\" alt=\"\" class=\"wp-image-295\" srcset=\"http:\/\/www.teekutsut.fi\/blog\/wp-content\/uploads\/2024\/10\/1000014881-1024x1024.webp 1024w, http:\/\/www.teekutsut.fi\/blog\/wp-content\/uploads\/2024\/10\/1000014881-300x300.webp 300w, http:\/\/www.teekutsut.fi\/blog\/wp-content\/uploads\/2024\/10\/1000014881-150x150.webp 150w, http:\/\/www.teekutsut.fi\/blog\/wp-content\/uploads\/2024\/10\/1000014881-768x768.webp 768w, http:\/\/www.teekutsut.fi\/blog\/wp-content\/uploads\/2024\/10\/1000014881.webp 1080w\" sizes=\"auto, (max-width: 1024px) 100vw, 1024px\" \/><\/figure>\n\n\n\n<figure class=\"wp-block-image size-large\"><img loading=\"lazy\" decoding=\"async\" width=\"1024\" height=\"1024\" data-id=\"297\" src=\"https:\/\/www.teekutsut.fi\/blog\/wp-content\/uploads\/2024\/10\/1000014882-1024x1024.webp\" alt=\"\" class=\"wp-image-297\" srcset=\"http:\/\/www.teekutsut.fi\/blog\/wp-content\/uploads\/2024\/10\/1000014882-1024x1024.webp 1024w, http:\/\/www.teekutsut.fi\/blog\/wp-content\/uploads\/2024\/10\/1000014882-300x300.webp 300w, http:\/\/www.teekutsut.fi\/blog\/wp-content\/uploads\/2024\/10\/1000014882-150x150.webp 150w, http:\/\/www.teekutsut.fi\/blog\/wp-content\/uploads\/2024\/10\/1000014882-768x768.webp 768w, http:\/\/www.teekutsut.fi\/blog\/wp-content\/uploads\/2024\/10\/1000014882.webp 1080w\" sizes=\"auto, (max-width: 1024px) 100vw, 1024px\" \/><\/figure>\n\n\n\n<figure class=\"wp-block-image size-large\"><img loading=\"lazy\" decoding=\"async\" width=\"1024\" height=\"1024\" data-id=\"296\" src=\"https:\/\/www.teekutsut.fi\/blog\/wp-content\/uploads\/2024\/10\/1000014883-1024x1024.webp\" alt=\"\" class=\"wp-image-296\" srcset=\"http:\/\/www.teekutsut.fi\/blog\/wp-content\/uploads\/2024\/10\/1000014883-1024x1024.webp 1024w, http:\/\/www.teekutsut.fi\/blog\/wp-content\/uploads\/2024\/10\/1000014883-300x300.webp 300w, http:\/\/www.teekutsut.fi\/blog\/wp-content\/uploads\/2024\/10\/1000014883-150x150.webp 150w, http:\/\/www.teekutsut.fi\/blog\/wp-content\/uploads\/2024\/10\/1000014883-768x768.webp 768w, http:\/\/www.teekutsut.fi\/blog\/wp-content\/uploads\/2024\/10\/1000014883.webp 1080w\" sizes=\"auto, (max-width: 1024px) 100vw, 1024px\" \/><\/figure>\n<\/figure>\n","protected":false},"excerpt":{"rendered":"<p>\ud83d\udda4 14.9.2024 juhlittiin Keaa &amp; Johnia Hirsil\u00e4ss\u00e4 \ud83d\udda4 \u00c4llistyneet, mutta ihastuttavan heitt\u00e4ytymistaitoiset vieraat ratkaisivat kiper\u00e4n tilanteen, kun saivat vihi\u00e4 oudosta viruksesta. Hetkisen p\u00e4hk\u00e4ilty\u00e4\u00e4n tilannetta he tajusivat olevansa sittenkin Pentonvillen pikkukaupungissa Floridassa, jossa mielikuvista huolimatta aurinko ei paistanut kirkkaalta taivaalta ja zombie-viruksen taltuttamiseksi olisi toimittava pian! Oliko taustalla sittenk\u00e4\u00e4n uutisoinnin mukainen rikollisjengi LCO, vai paljastuisiko taustalta [&hellip;]<\/p>\n","protected":false},"author":1,"featured_media":294,"parent":0,"menu_order":0,"comment_status":"closed","ping_status":"closed","template":"","meta":{"footnotes":""},"class_list":["post-293","page","type-page","status-publish","has-post-thumbnail","hentry"],"_links":{"self":[{"href":"http:\/\/www.teekutsut.fi\/blog\/index.php\/wp-json\/wp\/v2\/pages\/293","targetHints":{"allow":["GET"]}}],"collection":[{"href":"http:\/\/www.teekutsut.fi\/blog\/index.php\/wp-json\/wp\/v2\/pages"}],"about":[{"href":"http:\/\/www.teekutsut.fi\/blog\/index.php\/wp-json\/wp\/v2\/types\/page"}],"author":[{"embeddable":true,"href":"http:\/\/www.teekutsut.fi\/blog\/index.php\/wp-json\/wp\/v2\/users\/1"}],"replies":[{"embeddable":true,"href":"http:\/\/www.teekutsut.fi\/blog\/index.php\/wp-json\/wp\/v2\/comments?post=293"}],"version-history":[{"count":3,"href":"http:\/\/www.teekutsut.fi\/blog\/index.php\/wp-json\/wp\/v2\/pages\/293\/revisions"}],"predecessor-version":[{"id":442,"href":"http:\/\/www.teekutsut.fi\/blog\/index.php\/wp-json\/wp\/v2\/pages\/293\/revisions\/442"}],"wp:featuredmedia":[{"embeddable":true,"href":"http:\/\/www.teekutsut.fi\/blog\/index.php\/wp-json\/wp\/v2\/media\/294"}],"wp:attachment":[{"href":"http:\/\/www.teekutsut.fi\/blog\/index.php\/wp-json\/wp\/v2\/media?parent=293"}],"curies":[{"name":"wp","href":"https:\/\/api.w.org\/{rel}","templated":true}]}}